{"id":75,"date":"2022-08-22T14:19:38","date_gmt":"2022-08-22T17:19:38","guid":{"rendered":"http:\/\/localhost\/npi\/mobilidade\/?page_id=75"},"modified":"2024-08-29T14:16:53","modified_gmt":"2024-08-29T17:16:53","slug":"cartao-mobilidade","status":"publish","type":"page","link":"https:\/\/brbnovo.brb.com.br\/mobilidade\/cartao-mobilidade\/","title":{"rendered":"Cart\u00e3o Mobilidade"},"content":{"rendered":"<div class=\"container\">\n<div class=\"row\">\n<div class=\"col-16 col-lg-10\">\n<div class=\"account-page__intro\">\n<h1 class=\"bordered-left-title\">Informa\u00e7\u00f5es e Procedimentos<\/h1>\n<\/div>\n<\/div>\n<\/div>\n<\/div>\n<p>Aqui voc\u00ea vai obter as principais informa\u00e7\u00f5es sobre o Cart\u00e3o Mobilidade.<\/p>\n","protected":false},"excerpt":{"rendered":"<p>Informa\u00e7\u00f5es e Procedimentos Aqui voc\u00ea vai obter as principais informa\u00e7\u00f5es sobre o Cart\u00e3o Mobilidade.<\/p>\n","protected":false},"author":2,"featured_media":2652,"parent":0,"menu_order":0,"comment_status":"closed","ping_status":"closed","template":"page-hotsite.php","meta":{"_links_to":"","_links_to_target":""},"yoast_head":"<!-- This site is optimized with the Yoast SEO plugin v20.1 - https:\/\/yoast.com\/wordpress\/plugins\/seo\/ -->\n<title>Cart\u00e3o Mobilidade - BRB Mobilidade<\/title>\n<meta name=\"description\" content=\"O Cart\u00e3o Mobilidade \u00e9 destinado aos usu\u00e1rios do transporte p\u00fablico coletivo do Distrito Federal. Com ele, voc\u00ea utiliza o sistema\" \/>\n<meta name=\"robots\" content=\"index, follow, max-snippet:-1, max-image-preview:large, max-video-preview:-1\" \/>\n<link rel=\"canonical\" href=\"https:\/\/brbnovo.brb.com.br\/mobilidade\/cartao-mobilidade\/\" \/>\n<meta property=\"og:locale\" content=\"pt_BR\" \/>\n<meta property=\"og:type\" content=\"article\" \/>\n<meta property=\"og:title\" content=\"Cart\u00e3o Mobilidade - BRB Mobilidade\" \/>\n<meta property=\"og:description\" content=\"O Cart\u00e3o Mobilidade \u00e9 destinado aos usu\u00e1rios do transporte p\u00fablico coletivo do Distrito Federal. Com ele, voc\u00ea utiliza o sistema\" \/>\n<meta property=\"og:url\" content=\"https:\/\/brbnovo.brb.com.br\/mobilidade\/cartao-mobilidade\/\" \/>\n<meta property=\"og:site_name\" content=\"BRB Mobilidade\" \/>\n<meta property=\"article:modified_time\" content=\"2024-08-29T17:16:53+00:00\" \/>\n<meta property=\"og:image\" content=\"https:\/\/brbnovo.brb.com.br\/mobilidade\/wp-content\/uploads\/sites\/8\/2023\/07\/edicao_44-p-500.png\" \/>\n\t<meta property=\"og:image:width\" content=\"500\" \/>\n\t<meta property=\"og:image:height\" content=\"826\" \/>\n\t<meta property=\"og:image:type\" content=\"image\/png\" \/>\n<meta name=\"twitter:card\" content=\"summary_large_image\" \/>\n<meta name=\"twitter:label1\" content=\"Est. reading time\" \/>\n\t<meta name=\"twitter:data1\" content=\"1 minuto\" \/>\n<script type=\"application\/ld+json\" class=\"yoast-schema-graph\">{\"@context\":\"https:\/\/schema.org\",\"@graph\":[{\"@type\":\"WebPage\",\"@id\":\"https:\/\/brbnovo.brb.com.br\/mobilidade\/cartao-mobilidade\/\",\"url\":\"https:\/\/brbnovo.brb.com.br\/mobilidade\/cartao-mobilidade\/\",\"name\":\"Cart\u00e3o Mobilidade - BRB Mobilidade\",\"isPartOf\":{\"@id\":\"https:\/\/brbnovo.brb.com.br\/mobilidade\/#website\"},\"datePublished\":\"2022-08-22T17:19:38+00:00\",\"dateModified\":\"2024-08-29T17:16:53+00:00\",\"description\":\"O Cart\u00e3o Mobilidade \u00e9 destinado aos usu\u00e1rios do transporte p\u00fablico coletivo do Distrito Federal. Com ele, voc\u00ea utiliza o sistema\",\"breadcrumb\":{\"@id\":\"https:\/\/brbnovo.brb.com.br\/mobilidade\/cartao-mobilidade\/#breadcrumb\"},\"inLanguage\":\"pt-BR\",\"potentialAction\":[{\"@type\":\"ReadAction\",\"target\":[\"https:\/\/brbnovo.brb.com.br\/mobilidade\/cartao-mobilidade\/\"]}]},{\"@type\":\"BreadcrumbList\",\"@id\":\"https:\/\/brbnovo.brb.com.br\/mobilidade\/cartao-mobilidade\/#breadcrumb\",\"itemListElement\":[{\"@type\":\"ListItem\",\"position\":1,\"name\":\"Home\",\"item\":\"https:\/\/brbnovo.brb.com.br\/mobilidade\/\"},{\"@type\":\"ListItem\",\"position\":2,\"name\":\"Cart\u00e3o Mobilidade\"}]},{\"@type\":\"WebSite\",\"@id\":\"https:\/\/brbnovo.brb.com.br\/mobilidade\/#website\",\"url\":\"https:\/\/brbnovo.brb.com.br\/mobilidade\/\",\"name\":\"BRB Mobilidade\",\"description\":\"\",\"publisher\":{\"@id\":\"https:\/\/brbnovo.brb.com.br\/mobilidade\/#organization\"},\"potentialAction\":[{\"@type\":\"SearchAction\",\"target\":{\"@type\":\"EntryPoint\",\"urlTemplate\":\"https:\/\/brbnovo.brb.com.br\/mobilidade\/?s={search_term_string}\"},\"query-input\":\"required name=search_term_string\"}],\"inLanguage\":\"pt-BR\"},{\"@type\":\"Organization\",\"@id\":\"https:\/\/brbnovo.brb.com.br\/mobilidade\/#organization\",\"name\":\"BRB Mobilidade\",\"url\":\"https:\/\/brbnovo.brb.com.br\/mobilidade\/\",\"logo\":{\"@type\":\"ImageObject\",\"inLanguage\":\"pt-BR\",\"@id\":\"https:\/\/brbnovo.brb.com.br\/mobilidade\/#\/schema\/logo\/image\/\",\"url\":\"https:\/\/brbnovo.brb.com.br\/mobilidade\/wp-content\/uploads\/sites\/8\/2023\/04\/cropped-MicrosoftTeams-image.png\",\"contentUrl\":\"https:\/\/brbnovo.brb.com.br\/mobilidade\/wp-content\/uploads\/sites\/8\/2023\/04\/cropped-MicrosoftTeams-image.png\",\"width\":161,\"height\":93,\"caption\":\"BRB Mobilidade\"},\"image\":{\"@id\":\"https:\/\/brbnovo.brb.com.br\/mobilidade\/#\/schema\/logo\/image\/\"}}]}<\/script>\n<!-- \/ Yoast SEO plugin. -->","yoast_head_json":{"title":"Cart\u00e3o Mobilidade - BRB Mobilidade","description":"O Cart\u00e3o Mobilidade \u00e9 destinado aos usu\u00e1rios do transporte p\u00fablico coletivo do Distrito Federal. Com ele, voc\u00ea utiliza o sistema","robots":{"index":"index","follow":"follow","max-snippet":"max-snippet:-1","max-image-preview":"max-image-preview:large","max-video-preview":"max-video-preview:-1"},"canonical":"https:\/\/brbnovo.brb.com.br\/mobilidade\/cartao-mobilidade\/","og_locale":"pt_BR","og_type":"article","og_title":"Cart\u00e3o Mobilidade - BRB Mobilidade","og_description":"O Cart\u00e3o Mobilidade \u00e9 destinado aos usu\u00e1rios do transporte p\u00fablico coletivo do Distrito Federal. Com ele, voc\u00ea utiliza o sistema","og_url":"https:\/\/brbnovo.brb.com.br\/mobilidade\/cartao-mobilidade\/","og_site_name":"BRB Mobilidade","article_modified_time":"2024-08-29T17:16:53+00:00","og_image":[{"width":500,"height":826,"url":"https:\/\/brbnovo.brb.com.br\/mobilidade\/wp-content\/uploads\/sites\/8\/2023\/07\/edicao_44-p-500.png","type":"image\/png"}],"twitter_card":"summary_large_image","twitter_misc":{"Est. reading time":"1 minuto"},"schema":{"@context":"https:\/\/schema.org","@graph":[{"@type":"WebPage","@id":"https:\/\/brbnovo.brb.com.br\/mobilidade\/cartao-mobilidade\/","url":"https:\/\/brbnovo.brb.com.br\/mobilidade\/cartao-mobilidade\/","name":"Cart\u00e3o Mobilidade - BRB Mobilidade","isPartOf":{"@id":"https:\/\/brbnovo.brb.com.br\/mobilidade\/#website"},"datePublished":"2022-08-22T17:19:38+00:00","dateModified":"2024-08-29T17:16:53+00:00","description":"O Cart\u00e3o Mobilidade \u00e9 destinado aos usu\u00e1rios do transporte p\u00fablico coletivo do Distrito Federal. Com ele, voc\u00ea utiliza o sistema","breadcrumb":{"@id":"https:\/\/brbnovo.brb.com.br\/mobilidade\/cartao-mobilidade\/#breadcrumb"},"inLanguage":"pt-BR","potentialAction":[{"@type":"ReadAction","target":["https:\/\/brbnovo.brb.com.br\/mobilidade\/cartao-mobilidade\/"]}]},{"@type":"BreadcrumbList","@id":"https:\/\/brbnovo.brb.com.br\/mobilidade\/cartao-mobilidade\/#breadcrumb","itemListElement":[{"@type":"ListItem","position":1,"name":"Home","item":"https:\/\/brbnovo.brb.com.br\/mobilidade\/"},{"@type":"ListItem","position":2,"name":"Cart\u00e3o Mobilidade"}]},{"@type":"WebSite","@id":"https:\/\/brbnovo.brb.com.br\/mobilidade\/#website","url":"https:\/\/brbnovo.brb.com.br\/mobilidade\/","name":"BRB Mobilidade","description":"","publisher":{"@id":"https:\/\/brbnovo.brb.com.br\/mobilidade\/#organization"},"potentialAction":[{"@type":"SearchAction","target":{"@type":"EntryPoint","urlTemplate":"https:\/\/brbnovo.brb.com.br\/mobilidade\/?s={search_term_string}"},"query-input":"required name=search_term_string"}],"inLanguage":"pt-BR"},{"@type":"Organization","@id":"https:\/\/brbnovo.brb.com.br\/mobilidade\/#organization","name":"BRB Mobilidade","url":"https:\/\/brbnovo.brb.com.br\/mobilidade\/","logo":{"@type":"ImageObject","inLanguage":"pt-BR","@id":"https:\/\/brbnovo.brb.com.br\/mobilidade\/#\/schema\/logo\/image\/","url":"https:\/\/brbnovo.brb.com.br\/mobilidade\/wp-content\/uploads\/sites\/8\/2023\/04\/cropped-MicrosoftTeams-image.png","contentUrl":"https:\/\/brbnovo.brb.com.br\/mobilidade\/wp-content\/uploads\/sites\/8\/2023\/04\/cropped-MicrosoftTeams-image.png","width":161,"height":93,"caption":"BRB Mobilidade"},"image":{"@id":"https:\/\/brbnovo.brb.com.br\/mobilidade\/#\/schema\/logo\/image\/"}}]}},"wps_subtitle":"","_links":{"self":[{"href":"https:\/\/brbnovo.brb.com.br\/mobilidade\/wp-json\/wp\/v2\/pages\/75"}],"collection":[{"href":"https:\/\/brbnovo.brb.com.br\/mobilidade\/wp-json\/wp\/v2\/pages"}],"about":[{"href":"https:\/\/brbnovo.brb.com.br\/mobilidade\/wp-json\/wp\/v2\/types\/page"}],"author":[{"embeddable":true,"href":"https:\/\/brbnovo.brb.com.br\/mobilidade\/wp-json\/wp\/v2\/users\/2"}],"replies":[{"embeddable":true,"href":"https:\/\/brbnovo.brb.com.br\/mobilidade\/wp-json\/wp\/v2\/comments?post=75"}],"version-history":[{"count":15,"href":"https:\/\/brbnovo.brb.com.br\/mobilidade\/wp-json\/wp\/v2\/pages\/75\/revisions"}],"predecessor-version":[{"id":4168,"href":"https:\/\/brbnovo.brb.com.br\/mobilidade\/wp-json\/wp\/v2\/pages\/75\/revisions\/4168"}],"wp:featuredmedia":[{"embeddable":true,"href":"https:\/\/brbnovo.brb.com.br\/mobilidade\/wp-json\/wp\/v2\/media\/2652"}],"wp:attachment":[{"href":"https:\/\/brbnovo.brb.com.br\/mobilidade\/wp-json\/wp\/v2\/media?parent=75"}],"curies":[{"name":"wp","href":"https:\/\/api.w.org\/{rel}","templated":true}]}}