{"id":2725,"date":"2023-07-05T13:03:02","date_gmt":"2023-07-05T16:03:02","guid":{"rendered":"https:\/\/brbnovo.brb.com.br\/mobilidade\/?page_id=2725"},"modified":"2023-07-05T13:03:02","modified_gmt":"2023-07-05T16:03:02","slug":"saiba-mais-cartao-senior","status":"publish","type":"page","link":"https:\/\/brbnovo.brb.com.br\/mobilidade\/saiba-mais-cartao-senior\/","title":{"rendered":"Saiba mais Cart\u00e3o S\u00eanior"},"content":{"rendered":"","protected":false},"excerpt":{"rendered":"","protected":false},"author":161,"featured_media":0,"parent":0,"menu_order":0,"comment_status":"closed","ping_status":"closed","template":"page-home.php","meta":{"_links_to":"","_links_to_target":""},"yoast_head":"<!-- This site is optimized with the Yoast SEO plugin v20.1 - https:\/\/yoast.com\/wordpress\/plugins\/seo\/ -->\n<title>Saiba mais Cart\u00e3o S\u00eanior - BRB Mobilidade<\/title>\n<meta name=\"description\" content=\"BRB Mobilidade Saiba mais Cart\u00e3o S\u00eanior\" \/>\n<meta name=\"robots\" content=\"index, follow, max-snippet:-1, max-image-preview:large, max-video-preview:-1\" \/>\n<link rel=\"canonical\" href=\"https:\/\/brbnovo.brb.com.br\/mobilidade\/saiba-mais-cartao-senior\/\" \/>\n<meta property=\"og:locale\" content=\"pt_BR\" \/>\n<meta property=\"og:type\" content=\"article\" \/>\n<meta property=\"og:title\" content=\"Saiba mais Cart\u00e3o S\u00eanior - BRB Mobilidade\" \/>\n<meta property=\"og:description\" content=\"BRB Mobilidade Saiba mais Cart\u00e3o S\u00eanior\" \/>\n<meta property=\"og:url\" content=\"https:\/\/brbnovo.brb.com.br\/mobilidade\/saiba-mais-cartao-senior\/\" \/>\n<meta property=\"og:site_name\" content=\"BRB Mobilidade\" \/>\n<meta property=\"og:image\" content=\"https:\/\/brbnovo.brb.com.br\/mobilidade\/wp-content\/uploads\/sites\/8\/2023\/04\/MicrosoftTeams-image.png\" \/>\n\t<meta property=\"og:image:width\" content=\"782\" \/>\n\t<meta property=\"og:image:height\" content=\"413\" \/>\n\t<meta property=\"og:image:type\" content=\"image\/png\" \/>\n<meta name=\"twitter:card\" content=\"summary_large_image\" \/>\n<script type=\"application\/ld+json\" class=\"yoast-schema-graph\">{\"@context\":\"https:\/\/schema.org\",\"@graph\":[{\"@type\":\"WebPage\",\"@id\":\"https:\/\/brbnovo.brb.com.br\/mobilidade\/saiba-mais-cartao-senior\/\",\"url\":\"https:\/\/brbnovo.brb.com.br\/mobilidade\/saiba-mais-cartao-senior\/\",\"name\":\"Saiba mais Cart\u00e3o S\u00eanior - BRB Mobilidade\",\"isPartOf\":{\"@id\":\"https:\/\/brbnovo.brb.com.br\/mobilidade\/#website\"},\"datePublished\":\"2023-07-05T16:03:02+00:00\",\"dateModified\":\"2023-07-05T16:03:02+00:00\",\"description\":\"BRB Mobilidade Saiba mais Cart\u00e3o S\u00eanior\",\"breadcrumb\":{\"@id\":\"https:\/\/brbnovo.brb.com.br\/mobilidade\/saiba-mais-cartao-senior\/#breadcrumb\"},\"inLanguage\":\"pt-BR\",\"potentialAction\":[{\"@type\":\"ReadAction\",\"target\":[\"https:\/\/brbnovo.brb.com.br\/mobilidade\/saiba-mais-cartao-senior\/\"]}]},{\"@type\":\"BreadcrumbList\",\"@id\":\"https:\/\/brbnovo.brb.com.br\/mobilidade\/saiba-mais-cartao-senior\/#breadcrumb\",\"itemListElement\":[{\"@type\":\"ListItem\",\"position\":1,\"name\":\"Home\",\"item\":\"https:\/\/brbnovo.brb.com.br\/mobilidade\/\"},{\"@type\":\"ListItem\",\"position\":2,\"name\":\"Saiba mais Cart\u00e3o S\u00eanior\"}]},{\"@type\":\"WebSite\",\"@id\":\"https:\/\/brbnovo.brb.com.br\/mobilidade\/#website\",\"url\":\"https:\/\/brbnovo.brb.com.br\/mobilidade\/\",\"name\":\"BRB Mobilidade\",\"description\":\"\",\"publisher\":{\"@id\":\"https:\/\/brbnovo.brb.com.br\/mobilidade\/#organization\"},\"potentialAction\":[{\"@type\":\"SearchAction\",\"target\":{\"@type\":\"EntryPoint\",\"urlTemplate\":\"https:\/\/brbnovo.brb.com.br\/mobilidade\/?s={search_term_string}\"},\"query-input\":\"required name=search_term_string\"}],\"inLanguage\":\"pt-BR\"},{\"@type\":\"Organization\",\"@id\":\"https:\/\/brbnovo.brb.com.br\/mobilidade\/#organization\",\"name\":\"BRB Mobilidade\",\"url\":\"https:\/\/brbnovo.brb.com.br\/mobilidade\/\",\"logo\":{\"@type\":\"ImageObject\",\"inLanguage\":\"pt-BR\",\"@id\":\"https:\/\/brbnovo.brb.com.br\/mobilidade\/#\/schema\/logo\/image\/\",\"url\":\"https:\/\/brbnovo.brb.com.br\/mobilidade\/wp-content\/uploads\/sites\/8\/2023\/04\/cropped-MicrosoftTeams-image.png\",\"contentUrl\":\"https:\/\/brbnovo.brb.com.br\/mobilidade\/wp-content\/uploads\/sites\/8\/2023\/04\/cropped-MicrosoftTeams-image.png\",\"width\":161,\"height\":93,\"caption\":\"BRB Mobilidade\"},\"image\":{\"@id\":\"https:\/\/brbnovo.brb.com.br\/mobilidade\/#\/schema\/logo\/image\/\"}}]}<\/script>\n<!-- \/ Yoast SEO plugin. -->","yoast_head_json":{"title":"Saiba mais Cart\u00e3o S\u00eanior - BRB Mobilidade","description":"BRB Mobilidade Saiba mais Cart\u00e3o S\u00eanior","robots":{"index":"index","follow":"follow","max-snippet":"max-snippet:-1","max-image-preview":"max-image-preview:large","max-video-preview":"max-video-preview:-1"},"canonical":"https:\/\/brbnovo.brb.com.br\/mobilidade\/saiba-mais-cartao-senior\/","og_locale":"pt_BR","og_type":"article","og_title":"Saiba mais Cart\u00e3o S\u00eanior - BRB Mobilidade","og_description":"BRB Mobilidade Saiba mais Cart\u00e3o S\u00eanior","og_url":"https:\/\/brbnovo.brb.com.br\/mobilidade\/saiba-mais-cartao-senior\/","og_site_name":"BRB Mobilidade","og_image":[{"width":782,"height":413,"url":"https:\/\/brbnovo.brb.com.br\/mobilidade\/wp-content\/uploads\/sites\/8\/2023\/04\/MicrosoftTeams-image.png","type":"image\/png"}],"twitter_card":"summary_large_image","schema":{"@context":"https:\/\/schema.org","@graph":[{"@type":"WebPage","@id":"https:\/\/brbnovo.brb.com.br\/mobilidade\/saiba-mais-cartao-senior\/","url":"https:\/\/brbnovo.brb.com.br\/mobilidade\/saiba-mais-cartao-senior\/","name":"Saiba mais Cart\u00e3o S\u00eanior - BRB Mobilidade","isPartOf":{"@id":"https:\/\/brbnovo.brb.com.br\/mobilidade\/#website"},"datePublished":"2023-07-05T16:03:02+00:00","dateModified":"2023-07-05T16:03:02+00:00","description":"BRB Mobilidade Saiba mais Cart\u00e3o S\u00eanior","breadcrumb":{"@id":"https:\/\/brbnovo.brb.com.br\/mobilidade\/saiba-mais-cartao-senior\/#breadcrumb"},"inLanguage":"pt-BR","potentialAction":[{"@type":"ReadAction","target":["https:\/\/brbnovo.brb.com.br\/mobilidade\/saiba-mais-cartao-senior\/"]}]},{"@type":"BreadcrumbList","@id":"https:\/\/brbnovo.brb.com.br\/mobilidade\/saiba-mais-cartao-senior\/#breadcrumb","itemListElement":[{"@type":"ListItem","position":1,"name":"Home","item":"https:\/\/brbnovo.brb.com.br\/mobilidade\/"},{"@type":"ListItem","position":2,"name":"Saiba mais Cart\u00e3o S\u00eanior"}]},{"@type":"WebSite","@id":"https:\/\/brbnovo.brb.com.br\/mobilidade\/#website","url":"https:\/\/brbnovo.brb.com.br\/mobilidade\/","name":"BRB Mobilidade","description":"","publisher":{"@id":"https:\/\/brbnovo.brb.com.br\/mobilidade\/#organization"},"potentialAction":[{"@type":"SearchAction","target":{"@type":"EntryPoint","urlTemplate":"https:\/\/brbnovo.brb.com.br\/mobilidade\/?s={search_term_string}"},"query-input":"required name=search_term_string"}],"inLanguage":"pt-BR"},{"@type":"Organization","@id":"https:\/\/brbnovo.brb.com.br\/mobilidade\/#organization","name":"BRB Mobilidade","url":"https:\/\/brbnovo.brb.com.br\/mobilidade\/","logo":{"@type":"ImageObject","inLanguage":"pt-BR","@id":"https:\/\/brbnovo.brb.com.br\/mobilidade\/#\/schema\/logo\/image\/","url":"https:\/\/brbnovo.brb.com.br\/mobilidade\/wp-content\/uploads\/sites\/8\/2023\/04\/cropped-MicrosoftTeams-image.png","contentUrl":"https:\/\/brbnovo.brb.com.br\/mobilidade\/wp-content\/uploads\/sites\/8\/2023\/04\/cropped-MicrosoftTeams-image.png","width":161,"height":93,"caption":"BRB Mobilidade"},"image":{"@id":"https:\/\/brbnovo.brb.com.br\/mobilidade\/#\/schema\/logo\/image\/"}}]}},"wps_subtitle":"","_links":{"self":[{"href":"https:\/\/brbnovo.brb.com.br\/mobilidade\/wp-json\/wp\/v2\/pages\/2725"}],"collection":[{"href":"https:\/\/brbnovo.brb.com.br\/mobilidade\/wp-json\/wp\/v2\/pages"}],"about":[{"href":"https:\/\/brbnovo.brb.com.br\/mobilidade\/wp-json\/wp\/v2\/types\/page"}],"author":[{"embeddable":true,"href":"https:\/\/brbnovo.brb.com.br\/mobilidade\/wp-json\/wp\/v2\/users\/161"}],"replies":[{"embeddable":true,"href":"https:\/\/brbnovo.brb.com.br\/mobilidade\/wp-json\/wp\/v2\/comments?post=2725"}],"version-history":[{"count":1,"href":"https:\/\/brbnovo.brb.com.br\/mobilidade\/wp-json\/wp\/v2\/pages\/2725\/revisions"}],"predecessor-version":[{"id":2726,"href":"https:\/\/brbnovo.brb.com.br\/mobilidade\/wp-json\/wp\/v2\/pages\/2725\/revisions\/2726"}],"wp:attachment":[{"href":"https:\/\/brbnovo.brb.com.br\/mobilidade\/wp-json\/wp\/v2\/media?parent=2725"}],"curies":[{"name":"wp","href":"https:\/\/api.w.org\/{rel}","templated":true}]}}